digit of 4137085?
5
What is the billions digit of 1859375908?
1
What is the hundreds digit of 44239105?
1
What is the hundred thousands digit of 514468684?
4
What is the hundred thousands digit of 10943864?
9
What is the units digit of 299585944?
4
What is the tens digit of 269906129?
2
What is the thousands digit of 291589030?
9
What is the ten thousands digit of 89769037?
6
What is the hundreds digit of 51127076?
0
What is the tens digit of 70618512?
1
What is the ten millions digit of 223279438?
2
What is the units digit of 61395896?
6
What is the thousands digit of 238544980?
4
What is the millions digit of 152384654?
2
What is the ten millions digit of 30885035?
3
What is the hundred millions digit of 4200614910?
2
What is the ten thousands digit of 24757753?
5
What is the ten millions digit of 23204870?
2
What is the hundreds digit of 314759937?
9
What is the millions digit of 735173278?
5
What is the millions digit of 27128471?
7
What is the billions digit of 2403700464?
2
What is the hundreds digit of 2065473145?
1
What is the thousands digit of 5753805112?
5
What is the tens digit of 13326482?
8
What is the ten millions digit of 32392222?
3
What is the units digit of 173870612?
2
What is the thousands digit of 3378004416?
4
What is the millions digit of 17333492?
7
What is the tens digit of 177623944?
4
What is the millions digit of 190336112?
0
What is the ten thousands digit of 2493110606?
1
What is the thousands digit of 230945547?
5
What is the millions digit of 546404122?
6
What is the thousands digit of 85954828?
4
What is the tens digit of 1908148819?
1
What is the ten millions digit of 352014617?
5
What is the hundreds digit of 886818557?
5
What is the hundred millions digit of 1985946134?
9
What is the millions digit of 349024667?
9
What is the hundred millions digit of 112393844?
1
What is the millions digit of 491713843?
1
What is the thousands digit of 17140109?
0
What is the thousands digit of 3258483013?
3
What is the hundreds digit of 1485336222?
2
What is the tens digit of 1707764014?
1
What is the ten millions digit of 151703796?
5
What is the hundred millions digit of 179652839?
1
What is the ten thousands digit of 284550195?
5
What is the millions digit of 95900622?
5
What is the hundreds digit of 109151280?
2
What is the ten millions digit of 95850979?
9
What is the billions digit of 4165443686?
4
What is the millions digit of 1829895964?
9
What is the ten millions digit of 101187831?
0
What is the tens digit of 6659567148?
4
What is the ten millions digit of 37126867?
3
What is the hundreds digit of 76480839?
8
What is the units digit of 2035339275?
5
What is the ten thousands digit of 2730904984?
0
What is the units digit of 212284287?
7
What is the units digit of 101814475?
5
What is the hundreds digit of 795615152?
1
What is the tens digit of 5325964565?
6
What is the billions digit of 2783326103?
2
What is the units digit of 80526423?
3
What is the hundred millions digit of 3820218865?
8
What is the ten thousands digit of 533533650?
3
What is the thousands digit of 15138826?
8
What is the hundred thousands digit of 597626922?
6
What is the tens digit of 347601316?
1
What is the units digit of 56552236?
6
What is the hundred thousands digit of 370443881?
4
What is the thousands digit of 100442720?
2
What is the ten thousands digit of 42767847?
6
What is the hundred millions digit of 140469040?
1
What is the ten millions digit of 1452279105?
5
What is the millions digit of 231731014?
1
What is the hundreds digit of 260431845?
8
What is the hundred thousands digit of 282967434?
9
What is the millions digit of 86191487?
6
What is the hundred thousands digit of 2873020345?
0
What is the millions digit of 3382342655?
2
What is the thousands digit of 45851429?
1
What is the hundred thousands digit of 69206449?
2
What is the hundred thousands digit of 321094415?
0
What is the hundred thousands digit of 247202236?
2
What is the units digit of 17967248?
8
What is the ten thousands digit of 107566825?
6
What is the billions digit of 2322455617?
2
What is the units digit of 5979451574?
4
What is the hundreds digit of 44924593?
5
What is the tens digit of 920521900?
0
What is the units digit of 1569024201?
1
What is the thousands digit of 150905660?
5
What is the hundred thousands digit of 27153164?
1
What is the hundreds digit of 19831759?
7
What is the tens digit of 79752441?
4
What is the hundreds digit of 104546806?
8
What is the hundred millions digit of 128354185?
1
What is the ten thousands digit of 3421048863?
4
What is the thousands digit of 13565881?
5
What is the thousands digit of 16381122?
1
What is the millions digit of 3788221003?
8
What is the hundreds digit of 704888001?
0
What is the tens digit of 225330897?
9
What is the tens digit of 61771912?
1
What is the ten millions digit of 1077206711?
7
What is the ten millions digit of 30748869?
3
What is the units digit of 32937871?
1
What is the billions digit of 1292572636?
1
What is the hundred millions digit of 1584384577?
5
What is the thousands digit of 633501207?
1
What is the tens digit of 1488271434?
3
What is the ten millions digit of 248775527?
4
What is the ten millions digit of 158527109?
5
What is the tens digit of 647120142?
4
What is the ten thousands digit of 323305309?
0
What is the ten thousands digit of 4774251833?
5
What is the units digit of 337549029?
9
What is the thousands digit of 1413404411?
4
What is the millions digit of 49710782?
9
What is the ten millions digit of 1048219209?
4
What is the hundred millions digit of 124682661?
1
What is the hundred thousands digit of 149730089?
7
What is the hundred millions digit of 715671128?
7
What is the millions digit of 45516377?
5
What is the ten thousands digit of 43501189?
0
What is the hundred millions digit of 2053840103?
0
What is the thousands digit of 1045260867?
0
What is the hundreds digit of 20545862?
8
What is the hundreds digit of 6726913?
9
What is the hundred thousands digit of 75694636?
6
What is the millions digit of 343938113?
3
What is the millions digit of 11412363?
1
What is the ten millions digit of 205309853?
0
What is the millions digit of 235962833?
5
What is the hundred millions digit of 439042567?
4
What is the hundred thousands digit of 728203993?
2
What is the hundreds digit of 108975707?
7
What is the hundred thousands digit of 196060903?
0
What is the millions digit of 907561302?
7
What is the ten thousands digit of 1680689706?
8
What is the hundred millions digit of 1169530432?
1
What is the hundred thousands digit of 175238040?
2
What is the ten thousands digit of 44059302?
5
What is the billions digit of 2081700847?
2
What is the hundred millions digit of 111470180?
1
What is the billions digit of 3395776607?
3
What is the hundreds digit of 46776791?
7
What is the millions digit of 1113638991?
3
What is the hundreds digit of 102450909?
9
What is the ten thousands digit of 1625251452?
5
What is the ten thousands digit of 16852707?
5
What is the billions digit of 3753341904?
3
What is the hundred thousands digit of 856582396?
5
What is the ten thousands digit of 74764536?
6
What is the thousands digit of 467399565?
9
What is the units digit of 1479332166?
6
What is the units digit of 25650709?
9
What is the ten millions digit of 863876811?
6
What is the hundred millions digit of 743537189?
7
What is the millions digit of 100942127?
0
What is the hundred thousands digit of 66659823?
6
What is the ten thousands digit of 14875996?
7
What is the ten millions digit of 21410223?
2
What is the millions digit of 2220461529?
0
What is the millions digit of 5413684255?
3
What is the tens digit of 2888609710?
1
What is the hundreds digit of 236306817?
8
What is the units digit of 54256939?
9
What is the ten millions digit of 174869326?
7
What is the tens digit of 129062956?
5
What is the thousands digit of 1385773209?
3
What is the hundreds digit of 8102888471?
4
What is the hundreds digit of 59655981?
9
What is the ten millions digit of 12627790?
1
What is the tens digit of 3649925188?
8
What is the units digit of 145154092?
2
What is the ten thousands digit of 23587383?
8
What is the hundred thousands digit of 21707941?
7
What is the tens digit of 208128339?
3
What 